{"id":1047,"date":"2020-05-29T17:21:47","date_gmt":"2020-05-29T17:21:47","guid":{"rendered":"https:\/\/tanteasoluciones.com\/?page_id=1047"},"modified":"2020-07-17T11:30:30","modified_gmt":"2020-07-17T11:30:30","slug":"desinfeccion","status":"publish","type":"page","link":"https:\/\/tanteasoluciones.com\/empresa\/desinfeccion","title":{"rendered":"Desinfecci\u00f3n"},"content":{"rendered":"<div class=\"wpb-content-wrapper\"><p>[vc_row][vc_column][vc_column_text css=\u00bb.vc_custom_1590773339009{margin-bottom: 30px !important;}\u00bb]<strong style=\"font-size: 24px;\">Os presentamos ECOLIMBACT, un producto esencial para desinfecci\u00f3n de nuestras industrias y viviendas en esta crisis del CORONAVIRUS<\/strong>[\/vc_column_text][\/vc_column][\/vc_row][vc_row][vc_column width=\u00bb2\/3&#8243;][vc_row_inner][vc_column_inner width=\u00bb1\/2&#8243;][vc_single_image image=\u00bb1048&#8243; img_size=\u00bbfull\u00bb css=\u00bb.vc_custom_1590772303109{margin-top: 0px !important;margin-bottom: 20px !important;}\u00bb][\/vc_column_inner][vc_column_inner width=\u00bb1\/2&#8243;][vc_column_text]<label style=\"font-size: 15px; line-height: 24px;\">Es un producto que <strong>no contiene leg\u00eda<\/strong>, y se puede utilizar en muchos tipos de superficies. V\u00e1lido para fregar o pulverizar. La presentaci\u00f3n es en pastillas que se diluyen en agua, con un alto rendimiento y un resultado muy econ\u00f3mico.<\/label><\/p>\n<p><label style=\"font-size: 15px; line-height: 24px;\">Con una sola pastilla disuelta en 5 litros de agua podemos fregar o rellenar pulverizadores o mochilas de fumigaci\u00f3n.<\/label>[\/vc_column_text][\/vc_column_inner][\/vc_row_inner][vc_row_inner][vc_column_inner][vc_cta h2=\u00bb\u00bb h2_font_container=\u00bbfont_size:30px\u00bb h2_google_fonts=\u00bbfont_family:Alef%3Aregular%2C700|font_style:700%20bold%20regular%3A700%3Anormal\u00bb h4=\u00bbDisoluci\u00f3n r\u00e1pida gracias a que las pastillas son efervecentes:\u00bb color=\u00bbgreen\u00bb use_custom_fonts_h2=\u00bbtrue\u00bb]Pre-disolver en un poco de agua caliente para acelerar el tiempo de disoluci\u00f3n.<\/p>\n<h3><strong>200 pastillas por envase y cajas con 6 envases<\/strong>.<\/h3>\n<p>Tambi\u00e9n pueden disolverse en agua fr\u00eda, aunque su disoluci\u00f3n sea m\u00e1s lenta, o disolver la pastilla en un litro de agua caliente y luego mezclarlo con agua a temperatura ambiente.[\/vc_cta][\/vc_column_inner][\/vc_row_inner][vc_row_inner][vc_column_inner width=\u00bb1\/2&#8243;][vc_column_text]<strong>USOS DEL PRODUCTO:<\/strong><\/p>\n<p>Usos t\u00edpicos en \u00e1reas privas y \u00e1reas de salud p\u00fablica:<\/p>\n<ul>\n<li>Aparatos m\u00e9dicos y veterinarios no met\u00e1licos.<\/li>\n<li>Fregonas, pa\u00f1os y cristaler\u00eda.<\/li>\n<li>Desinfecci\u00f3n general.<\/li>\n<li>Derrames de fluidos corporales.<\/li>\n<li>Frascos desechables de laboratorio.<\/li>\n<li>Condiciones de mucha suciedad.<\/li>\n<li>Higiene veterinaria.<\/li>\n<li>Higiene general.<\/li>\n<\/ul>\n<p>[\/vc_column_text][\/vc_column_inner][vc_column_inner width=\u00bb1\/2&#8243;][vc_column_text]<\/p>\n<ul>\n<li>Desinfectantes para piensos y alimentos.<\/li>\n<li>\u00c1reas de preparaci\u00f3n de alimentos, equipos no met\u00e1licos, contenedores, utensilios para consumo, superficies de trabajo, acero inoxidable (grado alimentario).<\/li>\n<li>Esterilizaci\u00f3n de biberones.<\/li>\n<li>Desinfecci\u00f3n para agua potable.<\/li>\n<li>Cloraci\u00f3n de agua potable para animales.<\/li>\n<li>Purificaci\u00f3n de agua en emergencias.<\/li>\n<\/ul>\n<p>[\/vc_column_text][\/vc_column_inner][\/vc_row_inner][\/vc_column][vc_column width=\u00bb1\/3&#8243;][vc_column_text]<\/p>\n<h3><strong>\u00bfQu\u00e9 es EcoLimBact?<\/strong><\/h3>\n<ul>\n<li>Potente preparado multifunci\u00f3n con base de Cloro Org\u00e1nico combinando su alto poder de limpieza en una sola pastilla efervescente.<\/li>\n<li>R\u00e1pida eliminaci\u00f3n de g\u00e9rmenes.<\/li>\n<li>Limpieza a fondo dejando las zonas de trabajo, aseo, maquinaria, todo tipo de superficies, materiales y utensilios limpios y seguros.<\/li>\n<li>Limpieza de todo tipo de zonas y accesorios (aseos, cocinas, suelos, mostradores, mesas, cristales, vitrinas, pl\u00e1sticos, pvc, paredes, ventanas, bayetas, pa\u00f1os &#8230;)<\/li>\n<li>Formulaci\u00f3n especial para ofrecer una soluci\u00f3n de limpieza de muy f\u00e1cil preparaci\u00f3n, con un amplio espectro de actividad contra microorganismos.<\/li>\n<\/ul>\n<p>[\/vc_column_text][vc_btn title=\u00bbDESCARGAR\u00bb style=\u00bbgradient-custom\u00bb gradient_custom_color_1=\u00bb#2faf28&#8243; gradient_custom_color_2=\u00bb#61d61d\u00bb i_type=\u00bbpixelicons\u00bb i_icon_pixelicons=\u00bbvc_pixel_icon vc_pixel_icon-document_pdf\u00bb add_icon=\u00bbtrue\u00bb link=\u00bburl:https%3A%2F%2Ftanteasoluciones.com%2Fwp-content%2Fuploads%2F2020%2F07%2FECOLIMBACT.pdf||target:%20_blank|\u00bb css=\u00bb.vc_custom_1594985187516{margin-top: 20px !important;margin-bottom: 10px !important;}\u00bb][vc_custom_heading text=\u00bbPH NEUTRO, NO PERJUDICA LA PIEL\u00bb font_container=\u00bbtag:h2|font_size:18|text_align:center\u00bb google_fonts=\u00bbfont_family:Alef%3Aregular%2C700|font_style:700%20bold%20regular%3A700%3Anormal\u00bb css=\u00bb.vc_custom_1590774428953{margin-bottom: 20px !important;}\u00bb][vc_column_text]<\/p>\n<ul>\n<li>Os podemos suministrar el producto en lotes de 200 pastillas (para preparar 1.000 litros de desinfectante).<\/li>\n<\/ul>\n<p>[\/vc_column_text][\/vc_column][\/vc_row]<\/p>\n<\/div>","protected":false},"excerpt":{"rendered":"<p>[vc_row][vc_column][vc_column_text css=\u00bb.vc_custom_1590773339009{margin-bottom: 30px !important;}\u00bb]Os presentamos ECOLIMBACT, un producto esencial para desinfecci\u00f3n de nuestras industrias y viviendas en esta crisis del CORONAVIRUS[\/vc_column_text][\/vc_column][\/vc_row][vc_row][vc_column width=\u00bb2\/3&#8243;][vc_row_inner][vc_column_inner width=\u00bb1\/2&#8243;][vc_single_image image=\u00bb1048&#8243; img_size=\u00bbfull\u00bb css=\u00bb.vc_custom_1590772303109{margin-top: 0px !important;margin-bottom: 20px !important;}\u00bb][\/vc_column_inner][vc_column_inner width=\u00bb1\/2&#8243;][vc_column_text]Es un producto que no contiene leg\u00eda, y se puede&#8230;<\/p>\n","protected":false},"author":1,"featured_media":0,"parent":0,"menu_order":0,"comment_status":"open","ping_status":"closed","template":"","meta":{"footnotes":""},"class_list":["post-1047","page","type-page","status-publish","hentry"],"_links":{"self":[{"href":"https:\/\/tanteasoluciones.com\/empresa\/wp-json\/wp\/v2\/pages\/1047","targetHints":{"allow":["GET"]}}],"collection":[{"href":"https:\/\/tanteasoluciones.com\/empresa\/wp-json\/wp\/v2\/pages"}],"about":[{"href":"https:\/\/tanteasoluciones.com\/empresa\/wp-json\/wp\/v2\/types\/page"}],"author":[{"embeddable":true,"href":"https:\/\/tanteasoluciones.com\/empresa\/wp-json\/wp\/v2\/users\/1"}],"replies":[{"embeddable":true,"href":"https:\/\/tanteasoluciones.com\/empresa\/wp-json\/wp\/v2\/comments?post=1047"}],"version-history":[{"count":21,"href":"https:\/\/tanteasoluciones.com\/empresa\/wp-json\/wp\/v2\/pages\/1047\/revisions"}],"predecessor-version":[{"id":1326,"href":"https:\/\/tanteasoluciones.com\/empresa\/wp-json\/wp\/v2\/pages\/1047\/revisions\/1326"}],"wp:attachment":[{"href":"https:\/\/tanteasoluciones.com\/empresa\/wp-json\/wp\/v2\/media?parent=1047"}],"curies":[{"name":"wp","href":"https:\/\/api.w.org\/{rel}","templated":true}]}}